{"id":7,"date":"2013-10-12T15:16:38","date_gmt":"2013-10-12T13:16:38","guid":{"rendered":"http:\/\/www.spangi.de\/?page_id=7"},"modified":"2024-02-03T13:30:12","modified_gmt":"2024-02-03T12:30:12","slug":"uber-uns","status":"publish","type":"page","link":"https:\/\/www.spangi.de\/?page_id=7","title":{"rendered":"\u00dcber uns"},"content":{"rendered":"<p><strong>Wir sind ein Meisterbertrieb mit anerkannter<br \/>\nAU-Werkstatt, langj\u00e4hriger Erfahrung<\/strong><strong> und<br \/>\narbeiten markenunabh\u00e4ngig.<\/strong><\/p>\n<p><span style=\"color: black;\">Unser Ziel ist Ihre Zufriedenheit und die Sicherstellung Ihrer Mobilit\u00e4t zu fairen Preisen. Die W\u00fcnsche unserer Kundinnen und Kunden gestalten den Service- und Arbeitsrahmen. <\/span><\/p>\n<p><span style=\"color: black;\">Seit 20 Jahren wissen wir, dass wir vom guten Ruf unserer Arbeit leben. Als KFZ-Meisterwerkstatt und bieten Ihnen zuverl\u00e4ssige Reparatur- und Serviceleistungen f\u00fcr PKWs, Oldtimer und Renfahrzeuge.<\/span><\/p>\n","protected":false},"excerpt":{"rendered":"<p>Wir sind ein Meisterbertrieb mit anerkannter AU-Werkstatt, langj\u00e4hriger Erfahrung und arbeiten markenunabh\u00e4ngig. Unser Ziel ist Ihre Zufriedenheit und die Sicherstellung Ihrer Mobilit\u00e4t zu fairen Preisen. Die W\u00fcnsche unserer Kundinnen und Kunden gestalten den Service- und Arbeitsrahmen. Seit 20 Jahren wissen wir, dass wir vom guten Ruf unserer Arbeit leben. Als KFZ-Meisterwerkstatt und bieten Ihnen zuverl\u00e4ssige [&hellip;]<\/p>\n","protected":false},"author":4,"featured_media":0,"parent":0,"menu_order":20,"comment_status":"open","ping_status":"closed","template":"","meta":{"footnotes":""},"class_list":["post-7","page","type-page","status-publish","hentry"],"_links":{"self":[{"href":"https:\/\/www.spangi.de\/index.php?rest_route=\/wp\/v2\/pages\/7","targetHints":{"allow":["GET"]}}],"collection":[{"href":"https:\/\/www.spangi.de\/index.php?rest_route=\/wp\/v2\/pages"}],"about":[{"href":"https:\/\/www.spangi.de\/index.php?rest_route=\/wp\/v2\/types\/page"}],"author":[{"embeddable":true,"href":"https:\/\/www.spangi.de\/index.php?rest_route=\/wp\/v2\/users\/4"}],"replies":[{"embeddable":true,"href":"https:\/\/www.spangi.de\/index.php?rest_route=%2Fwp%2Fv2%2Fcomments&post=7"}],"version-history":[{"count":5,"href":"https:\/\/www.spangi.de\/index.php?rest_route=\/wp\/v2\/pages\/7\/revisions"}],"predecessor-version":[{"id":75,"href":"https:\/\/www.spangi.de\/index.php?rest_route=\/wp\/v2\/pages\/7\/revisions\/75"}],"wp:attachment":[{"href":"https:\/\/www.spangi.de\/index.php?rest_route=%2Fwp%2Fv2%2Fmedia&parent=7"}],"curies":[{"name":"wp","href":"https:\/\/api.w.org\/{rel}","templated":true}]}}